nder when 100294 is divided by 638.
128
Calculate the remainder when 14937 is divided by 80.
57
What is the remainder when 701927 is divided by 53?
48
What is the remainder when 1956 is divided by 697?
562
Calculate the remainder when 5674 is divided by 2801.
72
Calculate the remainder when 365174 is divided by 7.
5
What is the remainder when 93310 is divided by 27?
25
Calculate the remainder when 262386 is divided by 1232.
1202
Calculate the remainder when 51488 is divided by 93.
59
What is the remainder when 3580 is divided by 837?
232
What is the remainder when 845410 is divided by 313?
310
Calculate the remainder when 739340 is divided by 327.
320
Calculate the remainder when 367 is divided by 357.
10
What is the remainder when 5335 is divided by 887?
13
What is the remainder when 96250 is divided by 587?
569
What is the remainder when 1161 is divided by 1119?
42
What is the remainder when 88328 is divided by 866?
862
Calculate the remainder when 6403 is divided by 75.
28
Calculate the remainder when 406601 is divided by 294.
293
Calculate the remainder when 26809 is divided by 35.
34
Calculate the remainder when 955 is divided by 289.
88
What is the remainder when 4233 is divided by 65?
8
Calculate the remainder when 82106 is divided by 28.
10
Calculate the remainder when 13247 is divided by 86.
3
What is the remainder when 14656 is divided by 358?
336
Calculate the remainder when 4554 is divided by 240.
234
Calculate the remainder when 31877 is divided by 161.
160
What is the remainder when 14958 is divided by 1249?
1219
Calculate the remainder when 2512 is divided by 1097.
318
Calculate the remainder when 17040 is divided by 23.
20
Calculate the remainder when 2285 is divided by 195.
140
What is the remainder when 5823 is divided by 1023?
708
What is the remainder when 10264 is divided by 9757?
507
What is the remainder when 1842132 is divided by 127?
124
Calculate the remainder when 819 is divided by 44.
27
Calculate the remainder when 7360 is divided by 410.
390
Calculate the remainder when 8748 is divided by 1748.
8
What is the remainder when 2057747 is divided by 308?
307
What is the remainder when 29502 is divided by 21?
18
Calculate the remainder when 78612 is divided by 5239.
27
What is the remainder when 16889 is divided by 412?
409
What is the remainder when 829111 is divided by 27?
22
What is the remainder when 1719754 is divided by 828?
826
Calculate the remainder when 18659 is divided by 102.
95
Calculate the remainder when 2149 is divided by 1083.
1066
Calculate the remainder when 181213 is divided by 23.
19
What is the remainder when 915950 is divided by 183190?
0
Calculate the remainder when 71548 is divided by 25.
23
What is the remainder when 2391511 is divided by 932?
931
Calculate the remainder when 6270 is divided by 101.
8
Calculate the remainder when 52513 is divided by 26248.
17
What is the remainder when 564 is divided by 504?
60
What is the remainder when 841992 is divided by 243?
240
Calculate the remainder when 16427 is divided by 3862.
979
What is the remainder when 226 is divided by 52?
18
Calculate the remainder when 1107044 is divided by 1011.
1010
Calculate the remainder when 304588 is divided by 23.
22
What is the remainder when 179353 is divided by 322?
321
Calculate the remainder when 1083105 is divided by 1083086.
19
Calculate the remainder when 1855 is divided by 207.
199
Calculate the remainder when 31431 is divided by 21.
15
Calculate the remainder when 3519 is divided by 20.
19
What is the remainder when 1014 is divided by 628?
386
Calculate the remainder when 1119 is divided by 1040.
79
What is the remainder when 2049 is divided by 11?
3
What is the remainder when 64199 is divided by 1107?
1100
What is the remainder when 215804 is divided by 3425?
29
Calculate the remainder when 1176 is divided by 399.
378
Calculate the remainder when 271535 is divided by 339.
335
What is the remainder when 20614 is divided by 13?
9
Calculate the remainder when 3839 is divided by 1860.
119
What is the remainder when 2645 is divided by 866?
47
Calculate the remainder when 10497 is divided by 38.
9
Calculate the remainder when 2109 is divided by 2018.
91
What is the remainder when 1021211 is divided by 184?
11
What is the remainder when 427 is divided by 1?
0
Calculate the remainder when 98538 is divided by 92.
6
What is the remainder when 56337 is divided by 91?
8
What is the remainder when 1112513 is divided by 39?
38
What is the remainder when 318582 is divided by 49?
33
What is the remainder when 28515 is divided by 97?
94
Calculate the remainder when 1544030 is divided by 224.
222
What is the remainder when 19346 is divided by 28?
26
What is the remainder when 2292 is divided by 189?
24
What is the remainder when 40045 is divided by 40031?
14
What is the remainder when 7366 is divided by 33?
7
What is the remainder when 68640 is divided by 87?
84
What is the remainder when 19608 is divided by 9?
6
Calculate the remainder when 942682 is divided by 37.
33
Calculate the remainder when 4117 is divided by 590.
577
What is the remainder when 1940 is divided by 642?
14
What is the remainder when 14197 is divided by 97?
35
Calculate the remainder when 11336 is divided by 49.
17
What is the remainder when 272569 is divided by 83?
80
What is the remainder when 178440 is divided by 38?
30
Calculate the remainder when 2935 is divided by 969.
28
Calculate the remainder when 102981 is divided by 34.
29
Calculate the remainder when 39937 is divided by 397.
237
What is the remainder when 29669 is divided by 190?
29
Calculate the remainder when 26895 is divided by 27.
3
Calculate the remainder when 6639 is divided by 11.
6
What is the remainder when 19446 is divided by 448?
182
What is the remainder when 2986 is divided by 596?
6
Calculate the remainder when 306732 is divided by 61345.
7
Calculate the remainder when 56406 is divided by 11.
9
What is the remainder when 8293 is divided by 828?
13
What is the remainder when 33377 is divided by 3025?
102
Calculate the remainder when 306557 is divided by 27868.
9
Calculate the remainder when 8326 is divided by 554.
16
What is the remainder when 5329 is divided by 221?
25
What is the remainder when 56078 is divided by 28?
22
What is the remainder when 2784 is divided by 233?
221
What is the remainder when 372 is divided by 87?
24
Calculate the remainder when 82528 is divided by 114.
106
What is the remainder when 559732 is divided by 488?
484
Calculate the remainder when 26089 is divided by 482.
61
Calculate the remainder when 9395 is divided by 71.
23
What is the remainder when 62623 is divided by 15649?
27
What is the remainder when 19599 is divided by 9798?
3
Calculate the remainder when 6839 is divided by 76.
75
What is the remainder when 1106659 is divided by 1106655?
4
What is the remainder when 1884 is divided by 4?
0
What is the remainder when 26839 is divided by 5364?
19
What is the remainder when 1946 is divided by 11?
10
What is the remainder when 1099 is divided by 1073?
26
Calculate the remainder when 6046 is divided by 55.
51
What is the remainder when 4104 is divided by 1309?
177
Calculate the remainder when 33463 is divided by 656.
7
Calculate the remainder when 208 is divided by 168.
40
Calculate the remainder when 1182 is divided by 86.
64
What is the remainder when 371985 is divided by 371973?
12
What is the remainder when 168995 is divided by 26?
21
What is the remainder when 1038 is divided by 444?
150
Calculate the remainder when 232443 is divided by 666.
9
What is the remainder when 131901 is divided by 8?
5
Calculate the remainder when 3141 is divided by 1558.
25
Calculate the remainder when 1429344 is divided by 61.
53
What is the remainder when 11982 is divided by 103?
34
Calculate the remainder when 28282 is divided by 13.
7
What is the remainder when 167 is divided by 35?
27
Calculate the remainder when 2751 is divided by 899.
54
What is the remainder when 69481 is divided by 747?
10
Calculate the remainder when 4250 is divided by 1046.
66
Calculate the remainder when 797461 is divided by 13073.
8
What is the remainder when 2065 is divided by 227?
22
What is the remainder when 1388 is divided by 46?
8
What is the remainder when 9794 is divided by 427